 3*p + 12. Let u = 251 + -143. Suppose 0 = 114*d - u*d - 468. What is the highest common divisor of r and d?
6
Let g = -4237 + 4263. What is the highest common factor of g and 1846?
26
Let n(g) = -3*g**2 - 27*g + 170. Let x be n(4). What is the highest common divisor of 11746 and x?
14
Let t be 22 - (1/1 - 1). Suppose 31*o + 387 = 28*o. Let c = -74 - o. Calculate the greatest common divisor of t and c.
11
Let h(v) = v**3 + 14*v**2 - 17*v - 18. Let g be (-3)/7 + 3/7. Let x be g - (-1 + 0)*-15. Let n be h(x). What is the greatest common divisor of n and 12?
12
Let d be (10 + -20)*32/(-10). Let o be d/72 + (-1616)/(-9). Calculate the greatest common divisor of o and 72.
36
Suppose 5*m - 449 = 4*s, -5*s = 11*m - 6*m - 440. What is the highest common factor of 8 and m?
1
Let p be (-85)/(-2) - (-1)/(-2). Suppose -187*v - 146*v + 6851 = -2473. Calculate the greatest common factor of v and p.
14
Let t(r) = r. Let f be t(4). Suppose b - 294 = -2*l + 32, -f*l - 320 = -b. Let x be (40/15)/(6/81). What is the greatest common factor of b and x?
36
Let s(t) = t + 17. Let r be s(8). Suppose -3*l + r + 92 = 0. Let o(g) = g**2 + 40*g - 28. Let p be o(-41). Calculate the greatest common divisor of p and l.
13
Let v = -88 + 157. Let u = -68 + v. Calculate the greatest common factor of u and 16.
1
Suppose -3*g + 6 = -3*t, 3*g - 4*g - 4*t - 8 = 0. Suppose g - 4 = r. Let a be (-4 + -3)*(r + 3). What is the greatest common divisor of 7 and a?
7
Let n be (-4)/(-10) - 17/5. Let b be (6*1 - (-867)/(-153))*-9. Let x be (b + 6)*(-16)/n. What is the highest common factor of 48 and x?
16
Suppose 20 = -19*s + 115. Suppose -s*p + 447 = 47. Calculate the highest common divisor of 20 and p.
20
Suppose 26*n + 616 - 642 = 0. Let s be (-6)/(-3) + -5 + 32. What is the greatest common divisor of s and n?
1
Suppose -2*u - 13 - 377 = 0. Let y = u + 216. Calculate the greatest common divisor of y and 168.
21
Let a(l) = -l**3 - 4*l**2 - 78*l - 636. Let q be a(-9). What is the greatest common divisor of 3 and q?
3
Let m(f) = -28*f + 2958. Let p be m(59). Calculate the highest common divisor of p and 2.
2
Let o be (-3 - -1)*47/(-2). Let f = -47219 - -67006. Let k be f/423 - (-2)/(-18)*-2. Calculate the greatest common divisor of k and o.
47
Let f be -9*((-1408)/(-33))/(-16). Calculate the highest common divisor of f and 1272.
24
Let l = -192 + 325. Let y(g) = -660*g + 28401. Let c be y(43). What is the highest common divisor of l and c?
7
Let a(j) = -2*j**2 + 254*j - 583. Let f be a(124). Suppose 3*x = t - 6*t + 84, 2*x = -5*t + 61. Calculate the highest common factor of x and f.
23
Let i(o) = -o**3 - 14*o**2 + 385*o - 132. Let a be i(-28). Let v(h) = 7*h**2 + 4*h - 4. Let d be v(-6). What is the greatest common factor of a and d?
32
Let a(w) = 5*w + 16. Let j be a(-3). Suppose 0 = -z - 1, -z + 30 = 3*g + j. Calculate the greatest common divisor of 470 and g.
10
Let c = 171 + -168. Suppose -4*j - 47 = -c*s, -2*s + s + j + 17 = 0. What is the highest common divisor of 9 and s?
3
Suppose 0 = 75*c - 71*c + 4*b - 532, -4*c = b - 538. Suppose 4*k + 12 = m + 3*m, m - 3*k = -1. What is the greatest common divisor of m and c?
5
Let r = 1876 + -1692. What is the highest common divisor of r and 8?
8
Let l(r) be the first derivative of -2*r**4 + 3*r**2/2 - 3*r - 4. Let j be l(1). Let o = 9 - j. Calculate the greatest common factor of o and 34.
17
Let v be (10/(-8))/5 - 10/(-8). Suppose -b + 13 = -3*f, -25 = -3*b - 3*f + 5*f. Suppose 5 = -2*j + b. Calculate the greatest common factor of v and j.
1
Let l = -10 - -18. Let n(r) = r**3 - 9*r**2 + 3*r - 19. Let h be n(9). Calculate the highest common divisor of h and l.
8
Suppose 74 = -3*g + 4*g. Suppose -3*z + f + g = z, 5*z = 4*f + 98. Let r = 337 - 310. What is the greatest common factor of z and r?
9
Let r(y) = -y**3 - 5*y**2 + 3*y + 36. Let d(g) = g**2. Let h(o) = -6*d(o) + r(o). Let u be h(-11). What is the highest common factor of 81 and u?
3
Let d(q) = -6*q**3 + 3*q**2 + 7*q + 1. Let i = -59 - -57. Let n be d(i). What is the highest common divisor of 423 and n?
47
Suppose 0 = -5*k - 2*u + 11036, 0 = -2*k - 35*u + 39*u + 4448. What is the greatest common factor of k and 1360?
170
Let a(f) = f**3 - 51*f**2 + 8*f - 1532. Let q be a(52). What is the greatest common divisor of q and 4?
4
Let l(i) = 19*i + 60. Suppose -7*q = -9*q + 4*q. Let r be l(q). Calculate the highest common factor of 140 and r.
20
Suppose 21*p - 17*p - 300 = 0. Suppose 0 = 8*z - 117 - p. Let b(i) = 11*i**2 - i. Let u be b(-1). What is the greatest common divisor of z and u?
12
Let x(z) = -487*z - 3977. Let r be x(-13). Calculate the highest common divisor of 88 and r.
22
Let t(m) = m**3 + 17*m**2 + 45*m - 3. Let x be t(-9). Calculate the greatest common factor of 10 and x.
10
Let a be ((-1)/(-1))/1*1. Let q be (-38)/(-10) - 20/25. Let p be (a - 22)/(q*(-3)/6). What is the greatest common divisor of p and 98?
14
Let m = 38 - 24. Let s = 209 + -202. Suppose s*q - m*q = -98. Calculate the greatest common divisor of 112 and q.
14
Let a(h) = 6*h**2 + 8*h + 11. Let q(w) = -5*w**2 - 9*w - 10. Let z(s) = -3*a(s) - 4*q(s). Let j be z(-8). Calculate the greatest common divisor of j and 351.
39
Let y(f) = -3*f**2 - 15*f + 3. Let h be -3 - 13/(-4) - 184/(-32). Let n = 2 - h. Let t be y(n). Calculate the greatest common factor of t and 10.
5
Suppose 2*i - 221 = -209, -3*s + 315 = -2*i. Calculate the greatest common divisor of 16241 and s.
109
Suppose -2*i = 2*i - 3024. Let r be 28 + 0 - 0/(-992). What is the greatest common divisor of i and r?
28
Suppose -3*x + 6*x + w + 6 = 0, -4*w + 15 = -x. Let o be (-10)/(-2) + 1 + x. Suppose 3*q - 27 = o. What is the highest common factor of 40 and q?
10
Suppose -2*n + 3*m + 11 = -1, -3*n + 4*m = -17. Let g(s) = -9 - 1 + 5*s - s**n - 4*s**2 + 12. Let t be g(-5). What is the highest common divisor of 10 and t?
2
Let z = -37135 + 37388. What is the highest common factor of z and 15686?
253
Suppose 5*w + 30 - 65 = 0. Let i = 41 - 25. Let g = i - -12. What is the highest common factor of w and g?
7
Let g = -3070 + 3082. Calculate the highest common divisor of 2604 and g.
12
Let b be (((-286)/(-65))/1)/(1/30). What is the highest common factor of b and 28116?
132
Let f(u) = 5*u**3 - 36*u**2 + 13*u - 153. Let y be f(10). Calculate the greatest common divisor of 1173 and y.
51
Suppose 12 = -17*x + 12. Suppose x = -5*o + 5*v + 15, o + 2*v = 6 - 0. What is the greatest common divisor of o and 36?
4
Let o = -77 + 29. Let h be (o/(-3))/(3/(-9) + 1). Let c(l) = -l**2 + 6. Let k be c(0). Calculate the greatest common factor of k and h.
6
Suppose -m = -5*c + 5, -26 = -5*m - 2*c + 3. Let b be ((-4)/m)/(21/3045). Let r = 391 + b. Calculate the highest common factor of r and 25.
25
Suppose -12*o - 19376 = -87572. Suppose -27*r - 283 + o = 0. Calculate the greatest common factor of r and 125.
25
Let j(r) = r**3 - 15*r**2 + 50*r + 1. Let s be j(3). What is the highest common factor of s and 301?
43
Let q = 131 - 131. Suppose q = -24*n + 33*n - 2322. What is the highest common factor of n and 6?
6
Suppose 164*s + 20588 - 67492 = 0. Calculate the highest common factor of 29458 and s.
286
Let h = -21783 + 21959. Calculate the highest common factor of h and 19624.
88
Suppose -4*i + 612 = -i. Let a = -199 - -277. Suppose 4*l = -4*w + i, a + 87 = 3*w - l. What is the highest common factor of w and 6?
6
Let m(o) = -o**2 - 9*o - 14. Suppose 0 = -11*t - 2*t - 91. Let b be m(t). Suppose j - 25 - 47 = b. What is the highest common factor of j and 18?
18
Suppose -5*b + n + 437 = 0, 0*b = b - 3*n - 93. Suppose -5*h + b = -2*d - d, -4*d = -2*h + 46. Calculate the highest common divisor of 105 and h.
15
Let r be (-11)/5*-1*(-4 - -9). Let o(x) = 144*x**2 - 1. Let b be o(1). What is the highest common divisor of r and b?
11
Let g(j) = 101 + 5*j + 94 - 201 + 2*j**2. Let p be g(3). Calculate the highest common factor of 1 and p.
1
Let b = -26 - -41. Suppose 126*x - 441 = -21*x. Calculate the highest common factor of x and b.
3
Suppose -19 = -3*x + 19*c - 14*c, -6*x - 2*c = -122. Suppose -w - 6 = -2*w. Let m = 15 - w. Calculate the greatest common factor of m and x.
9
Let z = -631 - -623. Let k be (2/(-4))/(z/1552) + 3. Calculate the highest common divisor of 250 and k.
50
Let m = -24286